?
6
Let t(c) = -3*c**3 - c - 1. Let l(x) = -x**2 - 5*x + 5. Let i be l(-6). Calculate the remainder when 5 is divided by t(i).
2
Let x = 10 + -7. Suppose -5*m - t = -137, -3*m + t + 78 = x*t. Let f(u) = u - 1. What is the remainder when m is divided by f(11)?
8
Suppose -6 - 29 = 5*g. What is the remainder when (6/g)/(6/(-42)) is divided by 2?
0
What is the remainder when 6/(-4) + 69/2 is divided by 9?
6
Let o(k) = -30*k - 4. Let v(h) = -2*h + 5. Let b be (7/(-3))/((-2)/(-6)). Calculate the remainder when o(-2) is divided by v(b).
18
Let i(r) = r**2 + 6*r + 8. Let o be i(-6). Let c = o + 0. Calculate the remainder when c is divided by 5.
3
Let i(v) = v**3 - 4*v**2 + 4*v + 3. Let t be i(4). Suppose -5*g - 59 = -2*d, t + 13 = d - 5*g. What is the remainder when d is divided by 7?
6
Suppose 5*j = f + 4*f + 5, -f - 5 = -2*j. What is the remainder when (j/8)/(2/252) is divided by 16?
15
Suppose -x = -0*x - 15. Suppose -2*j - 5*q = j - 130, -j = -4*q - x. What is the remainder when j is divided by 19?
16
Calculate the remainder when -2 - -2 - (-14 + -3) is divided by 10.
7
Let w(u) = u**2 - 17*u - 11. Calculate the remainder when 49 is divided by w(19).
22
Let b(q) = q**2 + 3*q - 6. Let h = -2 - 4. Calculate the remainder when b(h) is divided by (1 - 3)/(-2)*7.
5
Suppose 0 = 3*h - 3*g - 24, -4*g + 1 = h - 7. Calculate the remainder when 21 is divided by h.
5
Let s = 103 - 87. What is the remainder when 56 is divided by s?
8
Let w = -1 - 14. Let f = 22 + w. What is the remainder when f is divided by 2?
1
Let y = 111 - 57. Suppose 0 = -3*m + 6*m - y. Let o = 19 + -9. Calculate the remainder when m is divided by o.
8
Let g = 4 - -1. Let z = g + 0. What is the remainder when 13 is divided by z?
3
Let c(d) = d**2 + 12*d + 17. Calculate the remainder when 134 is divided by c(-12).
15
Suppose -3*i + 0 + 3 = 0. Suppose t - 3 + i = 0. Calculate the remainder when t/(-10) - 86/(-5) is divided by 6.
5
Suppose -n + 20 = n. What is the remainder when 68 is divided by n?
8
Let a = 3 + -1. Suppose -a*o + 13 = -7. Calculate the remainder when 28 is divided by o.
8
Let h(t) = t**2 - 12*t + 7. Calculate the remainder when h(15) is divided by 5.
2
Let g(u) = -u - 3. Suppose 2*a - 4*f = 4*a + 16, 0 = -2*a - 3*f - 11. Suppose -s - 9 = -a*s. What is the remainder when s is divided by g(-8)?
4
Suppose -9*f + 193 - 4 = 0. Let q(w) = w**3 - 7*w**2 + 5*w + 7. Let i be q(6). Calculate the remainder when f is divided by (-1)/i*-6*1.
3
Calculate the remainder when 12 is divided by (-63)/(-13) + (-2)/(-13).
2
Suppose -5*j + 5*f = -50, -5*j - f = -0*f - 50. Suppose 7 = 5*u - 78. Calculate the remainder when u is divided by j.
7
Let b = -5 + 7. Suppose -j = -3*i + 2, -5*j + 6 + 4 = -5*i. Calculate the remainder when 1/i + 66/12 is divided by b.
0
Suppose 2*h - 59 + 7 = 0. What is the remainder when h is divided by 7?
5
Let v(d) = -d**2 + 9*d + 2. What is the remainder when 30 is divided by v(7)?
14
Let f = -29 + 53. Calculate the remainder when f is divided by 7.
3
Let f(q) = 22*q**2 - 2*q + 1. Calculate the remainder when f(1) is divided by (11 - 5) + -1 + 3.
5
Let z = 74 + -22. Calculate the remainder when z is divided by 11.
8
Let q(z) = -10*z + 3. Let n(g) = -g**2 + 6*g - 2. Let o be n(5). Let u(i) = -i - 1. Let b(h) = o*u(h) + q(h). What is the remainder when 24 is divided by b(-1)?
11
Let t(p) = 13*p + 1. Let x(b) = -b**2 + 6*b + 1. Let k be x(6). Suppose k = 5*u - 4. Calculate the remainder when 26 is divided by t(u).
12
Let v(d) = 3*d - 9. Let l(j) = 3*j - 8. Let r(x) = 5*l(x) - 4*v(x). Calculate the remainder when 13 is divided by r(3).
3
What is the remainder when 61/(1*(0 + 1)) is divided by 17?
10
Let o be (-2)/((-111)/(-36) + -3). Let w be (o/10)/((-6)/20). Calculate the remainder when (-18)/(-4)*w/6 is divided by 2.
0
Suppose -t - 2*t + 3*m = -87, 4*t - 104 = -2*m. What is the remainder when 87 is divided by t?
6
Suppose -8*u = -0*u - 48. Calculate the remainder when 70 is divided by u.
4
Let t be ((-6)/18)/(1/3). Calculate the remainder when 51 is divided by -1 + (-18 + t)*-1.
15
Let j(h) = h**2 - 5*h - 3. Let z be j(-4). Suppose -35 = -4*p + z. Calculate the remainder when 33 is divided by p.
16
Suppose z = 5, -3*q + 0*z + 92 = z. Calculate the remainder when 84 is divided by q.
26
Let z = 334 - 184. Suppose 4*d - z = d. Calculate the remainder when d is divided by 13.
11
Let a = -47 - -66. Calculate the remainder when 73 is divided by a.
16
Let w(c) = -2*c + 13. Calculate the remainder when w(-6) is divided by 12.
1
Let g(y) = -3*y - 4. Let f be g(-10). Suppose p - f = -p. What is the remainder when (-4)/((-1)/(-6)*-1) is divided by p?
11
Suppose -2*i = s - 10, 2*i = -5*s + 8 + 18. Let p(d) = -d**3 - d**2 + 2*d - 2. What is the remainder when p(-3) is divided by s?
2
Let r(q) = -12*q - 11. What is the remainder when 90 is divided by r(-2)?
12
Suppose 0 = 2*j - 2*q - 10, -3*j + 13 = q - 10. Suppose -6*h = -h - 165. Calculate the remainder when h is divided by j.
5
Let u(c) = -c**3 - 4*c**2 + 2. Let l be u(-4). Suppose -6 = 3*m, 26 - 2 = 4*y + 4*m. What is the remainder when 637/28 - l/(-8) is divided by y?
7
Let f = -834 - -1345. Suppose -5*v = -f + 151. Suppose v = 4*q + 24. What is the remainder when 35 is divided by q?
11
Suppose 2*j + 2 = 0, -3*r + 3*j = r - 63. What is the remainder when 43 is divided by r?
13
Let u = 37 + 3. Let k = 31 - 17. What is the remainder when u is divided by k?
12
Let f = 30 - -12. What is the remainder when f is divided by 22?
20
Suppose -4*b + 7 = -13. Calculate the remainder when 5 is divided by b.
0
Suppose 0*p + 23 = -5*p + 2*t, 2*p = 5*t - 26. Suppose -39 = -4*n + 45. Calculate the remainder when n is divided by 33/p*(0 + -1).
10
Let b(s) = -s + 8. Let n be b(5). Suppose 3*y - n*g - 49 = g, 0 = -3*g + 15. What is the remainder when y is divided by 12?
11
Let d(n) = -n**3 + 7*n**2 - 6*n. Let p = -45 - -24. Let y = -8 - p. What is the remainder when d(4) is divided by y?
11
Suppose 0 = 4*z - 4 - 4. Suppose -z*m = -5*m + 9. What is the remainder when m is divided by 1 - 1*-1 - 0?
1
What is the remainder when 4/(-16) - 1099/(-28) is divided by 22?
17
Suppose -5*r = -p - 237, -2*p = -7*r + 4*r + 145. Let f = 55 + -43. Calculate the remainder when r is divided by f.
11
Let g be -1*7/2*-10. Suppose -4*d + 13 + g = 0. Suppose -5*n = 2*s - 59, 4*s - 3*n - 79 = -0*s. Calculate the remainder when s is divided by d.
10
Let i = 0 + 3. Let l be -2 - (i + -1 - 3). What is the remainder when 14 is divided by 2*((-6)/(-4) - l)?
4
Suppose 6*h = 8*h - 36. Calculate the remainder when 52 is divided by h.
16
Suppose a = -v - 0*v + 25, 125 = 5*v + 3*a. Suppose 2*k = 5*k - 39. What is the remainder when v is divided by k?
12
Suppose 0 = i + i. Let n(r) = r**2 + 80. Calculate the remainder when n(i) is divided by 27.
26
Let d(m) = 0 - 2*m + 3 + 6*m. Calculate the remainder when d(4) is divided by 11.
8
What is the remainder when (131 + (2 - 1) - 3) + 0 is divided by 33?
30
Let x be -1 + 6/3*137. What is the remainder when ((-2)/3)/((-7)/x) is divided by 9?
8
Let k(z) = -2*z**2 + 7*z + 2. Let d(y) = -y**2 + 8*y + 2. Let u(h) = 4*d(h) - 5*k(h). Calculate the remainder when u(-2) is divided by (-12)/16 - 129/(-12).
8
Suppose -r = -2*h + 15, 25 = 5*h + 5*r - 5. Suppose 4*k = 2*k + 6. Let v = k + h. What is the remainder when 28 is divided by v?
8
Let t = 57 - 8. What is the remainder when t is divided by 13?
10
Let q(f) = -f**3 + 4*f**2 + 4*f - 6. What is the remainder when 17 is divided by q(4)?
7
Suppose 2*j = -3*a + 2*a + 5, 0 = 5*j - a - 9. Suppose j = b, g + 2*b + 7 + 1 = 0. Calculate the remainder when g/2*(-3 - 1) is divided by 13.
11
Calculate the remainder when ((-2)/3)/((-14)/651) is divided by 8.
7
Let y = -79 - -119. Calculate the remainder when y is divided by 14.
12
Suppose 14 = -15*c + 1319. What is the remainder when c is divided by 8?
7
Let p = 35 + -19. What is the remainder when 31 is divided by p?
15
Suppose -2*f = -15 - 7. Calculate the remainder when 21 is divided by f.
10
Let u be (-1 + 41)*8/20. Let v = u - 6. Calculate the remainder when 29 is divided by v.
9
Let b = -3 + 12. Calculate the remainder when b is divided by (-171)/(-36) - 1/(-4).
4
Let d = -20 + 50. Suppose 28 = 2*t + 4*u - d, 5*t - 129 = -2*u. Suppose 72 = 5*k + 